 is 744b5 - 11?
744a4
In base 7, what is 2520 - 251464?
-245644
In base 6, what is 525231313 - 0?
525231313
In base 13, what is -7a6 - 5123?
-58c9
In base 16, what is 12 - -5f8f8?
5f90a
In base 6, what is -200031 + -112150?
-312221
In base 12, what is -333609 + 11a?
-3334ab
In base 16, what is -e8 - -b86ef?
b8607
In base 6, what is -3025502 + 212?
-3025250
In base 14, what is 1276 + 1a1d?
2c95
In base 14, what is 1272156 - -5?
127215b
In base 11, what is 6 + 263a598?
263a5a3
In base 4, what is 10 + 20131001223231?
20131001223301
In base 3, what is 1200102010012 - -10000?
1200102020012
In base 5, what is 1011 + 1023200?
1024211
In base 2, what is -10 + 11100011010010010001001?
11100011010010010000111
In base 14, what is 4 - -253b48?
253b4c
In base 16, what is -d593 + d3?
-d4c0
In base 12, what is -24118a23 + 4?
-24118a1b
In base 11, what is 3099 - -22a85?
26073
In base 12, what is -887aa0 + -9?
-887aa9
In base 7, what is -205 - -2665424?
2665216
In base 12, what is -391218 - 6?
-391222
In base 8, what is 24506312 - -20?
24506332
In base 3, what is -11000211022110 + -2002?
-11000211101112
In base 3, what is 1122201010 + 121100?
1200022110
In base 4, what is 1211102320 - -3?
1211102323
In base 11, what is -14 - 7a0062?
-7a0076
In base 11, what is 252a + 636?
3065
In base 2, what is -11001110011000110011 + -101?
-11001110011000111000
In base 2, what is 1000110111110010111001111 - -1000?
1000110111110010111010111
In base 7, what is -163 + 20222165?
20222002
In base 12, what is -612 - -506?
-108
In base 7, what is -55312144 + -16?
-55312163
In base 15, what is -3194 + -7e61?
-b105
In base 5, what is 3223202 + 403141?
4131343
In base 11, what is -a5 - -12196?
120a1
In base 9, what is 2 + 12118553?
12118555
In base 4, what is -211233 + 133120?
-12113
In base 6, what is 2043 - -305353?
311440
In base 8, what is -1 + 12637736?
12637735
In base 5, what is -14032240 - 41240?
-14124030
In base 8, what is -3 + 55373103?
55373100
In base 13, what is 104b8c - -482?
105341
In base 11, what is -5 + -13a77a5a?
-13a77a64
In base 8, what is 6 + 40534207?
40534215
In base 16, what is 1006f6c + 5?
1006f71
In base 8, what is 12 + -22521341?
-22521327
In base 11, what is 2 - 1878155?
-1878153
In base 2, what is -101 - -10111011111110000000010?
10111011111101111111101
In base 10, what is -29 - 24638?
-24667
In base 14, what is -24d8 - 801?
-2cd9
In base 9, what is 72177230 + 2?
72177232
In base 12, what is 982 - -3736?
44b8
In base 2, what is 1001110111001011001111 - 101000010?
1001110111000110001101
In base 8, what is -1273022 + 2046?
-1270754
In base 13, what is -82b78 - 6ba?
-83565
In base 10, what is -3400 - -68129?
64729
In base 15, what is -1bd1 - -136c?
-864
In base 16, what is 3f + 8545?
8584
In base 16, what is 15bf4d + -14?
15bf39
In base 8, what is -1140703604 + 2?
-1140703602
In base 15, what is -5e2037 - -3?
-5e2034
In base 8, what is -42037662 + -5?
-42037667
In base 4, what is -113002023120 - -1033?
-113002022021
In base 8, what is -6303 - 2114?
-10417
In base 6, what is 10033355 + -1134?
10032221
In base 13, what is 5 - -97c2004?
97c2009
In base 4, what is 2211010311 + -221?
2211010030
In base 3, what is -10 - 210100101012222?
-210100101020002
In base 2, what is -1000101111010011101001 + -1011?
-1000101111010011110100
In base 3, what is 1212 + 12112002112?
12112011101
In base 10, what is -1383 + 7005?
5622
In base 9, what is 1428 - 1578?
-150
In base 9, what is -553834 - 48?
-553883
In base 10, what is 85892763 - -3?
85892766
In base 10, what is 350446 - 233?
350213
In base 10, what is -2359 + 469?
-1890
In base 6, what is -102134554 + -34?
-102135032
In base 4, what is 3003 - 11220122?
-11211113
In base 6, what is 50 - -15033043?
15033133
In base 9, what is 2034 + 8182?
11226
In base 15, what is -44 - -2c500?
2c4ab
In base 14, what is 368 - -1a4a7?
1a831
In base 4, what is -130033323020 - 1330?
-130033331010
In base 16, what is 4 - 410d6?
-410d2
In base 13, what is 1c957134 + 1?
1c957135
In base 6, what is -3034 - -141420?
134342
In base 6, what is 1543542 + 350?
1544332
In base 9, what is -2 + 4454170?
4454167
In base 15, what is 448 - -3387?
37d0
In base 13, what is -604678b + -6?
-6046794
In base 13, what is 2144 - 2953?
-80c
In base 3, what is -11200212 + -1101200?
-20002112
In base 14, what is 19 - -34992a4?
34992bd
In base 12, what is 22 + -5423696?
-5423674
In base 9, what is 11146 + 384?
11541
In base 7, what is 2 - -123220350?
123220352
In base 16, what is -9c1de - e9?
-9c2c7
In base 7, what is 2503 - -1363653?
1366456
In base 16, what is 1a - -fb9432?
fb944c
In base 5, what is -202240202 + -1333?
-202242040
In base 2, what is 101111110111110010 + -100011000011?
101111010100101111
In base 13, what is -734a77c + -3?
-734a782
In base 15, what is -14820bd1 - 2?
-14820bd3
In base 3, what is -10020 + -10222000022?
-10222010112
In base 7, what is 1654320245 + -1?
1654320244
In base 11, what is -219 - -266504?
266296
In base 7, what is 22 - -2043236?
2043261
In base 11, what is -98 + 117118?
117030
In base 16, what is -9 - 720e82?
-720e8b
In base 9, what is -44741 + 13216?
-31524
In base 9, what is -38410 + 17?
-38382
In base 11, what is -1520698a + -5?
-15206994
In base 10, what is 87481136 - 1?
87481135
In base 7, what is -60352 + 3324?
-54025
In base 6, what is 5224155 - -420?
5225015
In base 11, what is a1a2 + -759?
9544
In base 11, what is -6156 + -21a20?
-28076
In base 3, what is 22202 + 10110201?
10210110
In base 13, what is -229b563 + 5?
-229b55b
In base 7, what is -1 + -155134220?
-155134221
In base 11, what is -9a8 - -471574?
470677
In base 5, what is -340 - -34011413?
34011023
In base 14, what is -4423 - 192?
-45b5
In base 4, what is 1023203 + 11222133?
12312002
In base 12, what is 101 + -271b4?
-270b3
In base 12, what is -61 - b774?
-b815
In base 13, what is 0 + 65a130?
65a130
In base 9, what is 2568085 + -45?
2568040
In base 3, what is -21122221002122 - 1?
-21122221002200
In base 6, what is -112 + 51543322?
51543210
In base 15, what is 1 - 44c0823?
-44c0822
In base 10, what is 673 + -20410?
-19737
In base 9, what is -3 - -570213?
570210
In base 8, what is 1162 - -76631?
100013
In base 10, what is 4152549 + 100?
4152649
In base 3, what is 1121 - 10100201120202?
-10100201112011
In base 10, what is 136810 + -275?
136535
In base 15, what is -461 + 6145?
5bd4
In base 13, what is 1b433 - 87?
1b379
In base 12, what is 5 - -67086b?
670874
In base 13, what is b84 + -9491?
-860a
In base 15, what is -66 - 2e739?
-2e7a0
In base 9, what is 481 + 154546?
155137
In base 3, what is -120012 + -1220022112?
-1220212201
In base 3, what is 1011001 - 11121010?
-10110002
In base 14, what is -3 - 87c8bc?
-87c8c1
In base 11, what is -6073325 - -2?
-6073323
In base 12, what is 9130a + 86?
91394
In base 16, what is -c134 - 5c?
-c190
In base 16, what is -2374 - -e2?
-2292
In base 8, what is 410070740 - 1?
410070737
In base 15, what is -643d076 - -3?
-643d073
In base 15, what is -5 + 4c35066?
4c35061
In base 8, what is 67404763 + -1?
67404762
In base 8, what is 11774 - 53037?
-41043
In base 12, what is 50026 + -10b?
4bb17
In base 14, what is 6 + -147a760?
-147a758
In base 13, what is -7 - -7343804?
73437ca
In base 3, what is -1221210001120 - 21?
-1221210001211
In base 6, what is 311355342 + 234?
311400020
In base 6, what is 43234453 - 123?
43234330
In base 15, what is 2 + -a5763a2?
-a5763a0
In base 9, what is 4068 - 360113?
-355034
In base 9, what is 70 - -150383?
150463
In base 9, what is -13302 + -52114?
-65416
In base 3, what is -201202010210002 - -10?
-201202010202222
In base 7, what is -5065552 - 433?
-5066315
In base 7, what is -45632501 + 1?
-45632500
In base 15, what is 742 + -d2e?
-5dc
In base 10, what is -5892648 - 2?
-5892650
In base 13, what is a921 - -30a2?
109c3
In base 16, what is -5 + 135fdd7?
135fdd2
In base 7, what is 436060 - -1?
436061
In base 5, what is -433414143 - -10?
-433414133
In base 6, what is -510131521 - 5?
-510131530
In base 6, what is 4342224 + -4551?
4333233
In base 16, what is -14c + -1a23?
-1b6f
In base 10, what is -64 + -124614?
-124678
In base 13, what is -38b91 - -204?
-3898a
In base 15, what is -2dc74 + -9e?
-2dd23
In base 12, what is -3 + 40b2a43?
40b2a40
In base 14, what is -b + 16bd2c?
16bd21
In base 7, what is -2 + 362